{"id":189,"date":"2024-05-29T13:58:33","date_gmt":"2024-05-29T13:58:33","guid":{"rendered":"http:\/\/afudel.cl\/sitio\/?page_id=189"},"modified":"2025-10-31T02:17:31","modified_gmt":"2025-10-31T02:17:31","slug":"consejo-bienestar","status":"publish","type":"page","link":"https:\/\/afudel.cl\/sitio\/service\/consejo-bienestar\/","title":{"rendered":"Consejo Bienestar"},"content":{"rendered":"\n<h3 class=\"wp-block-heading\"><strong>Consejo de Bienestar<\/strong><\/h3>\n\n\n\n<p>La <strong>Asociaci\u00f3n de Funcionarios de la Universidad de Los Lagos (AFUDEL)<\/strong> mantiene una participaci\u00f3n activa en el <strong>Consejo de Bienestar<\/strong>, instancia encargada de promover pol\u00edticas, programas y acciones orientadas al desarrollo integral y la calidad de vida de las y los funcionarios de la Universidad.<\/p>\n\n\n\n<p>En representaci\u00f3n de AFUDEL, <strong>Claudio \u00c1lvarez<\/strong> forma parte de este consejo, aportando una visi\u00f3n gremial comprometida con la <strong>equidad, la transparencia y el bienestar social<\/strong> del personal no acad\u00e9mico. Su labor se centra en velar por una gesti\u00f3n justa y participativa de los recursos, asegurando que los beneficios lleguen efectivamente a quienes m\u00e1s lo necesitan.<\/p>\n\n\n\n<p>A trav\u00e9s de su presencia en el Consejo, AFUDEL impulsa iniciativas que promuevan la <strong>salud, la recreaci\u00f3n, el apoyo social y la cohesi\u00f3n laboral<\/strong>, contribuyendo a fortalecer un entorno de trabajo m\u00e1s humano, colaborativo y solidario.<\/p>\n\n\n\n<p>Esta representaci\u00f3n refleja el compromiso permanente de la Asociaci\u00f3n con el <strong>bienestar y desarrollo personal de las y los funcionarios<\/strong>, pilares esenciales para una universidad p\u00fablica m\u00e1s inclusiva y con sentido de comunidad.<\/p>\n\n\n\n<p><\/p>\n","protected":false},"excerpt":{"rendered":"<p>Consejo de Bienestar La Asociaci\u00f3n de Funcionarios de la Universidad de Los Lagos (AFUDEL) mantiene una participaci\u00f3n activa en el Consejo de Bienestar, instancia encargada de promover pol\u00edticas, programas y acciones orientadas al desarrollo integral y la calidad de vida de las y los funcionarios de la Universidad. En representaci\u00f3n de AFUDEL, Claudio \u00c1lvarez forma [&hellip;]<\/p>\n","protected":false},"author":1,"featured_media":0,"parent":37,"menu_order":0,"comment_status":"closed","ping_status":"closed","template":"","meta":{"_themeisle_gutenberg_block_has_review":false,"footnotes":""},"class_list":["post-189","page","type-page","status-publish","hentry"],"_links":{"self":[{"href":"https:\/\/afudel.cl\/sitio\/wp-json\/wp\/v2\/pages\/189","targetHints":{"allow":["GET"]}}],"collection":[{"href":"https:\/\/afudel.cl\/sitio\/wp-json\/wp\/v2\/pages"}],"about":[{"href":"https:\/\/afudel.cl\/sitio\/wp-json\/wp\/v2\/types\/page"}],"author":[{"embeddable":true,"href":"https:\/\/afudel.cl\/sitio\/wp-json\/wp\/v2\/users\/1"}],"replies":[{"embeddable":true,"href":"https:\/\/afudel.cl\/sitio\/wp-json\/wp\/v2\/comments?post=189"}],"version-history":[{"count":2,"href":"https:\/\/afudel.cl\/sitio\/wp-json\/wp\/v2\/pages\/189\/revisions"}],"predecessor-version":[{"id":351,"href":"https:\/\/afudel.cl\/sitio\/wp-json\/wp\/v2\/pages\/189\/revisions\/351"}],"up":[{"embeddable":true,"href":"https:\/\/afudel.cl\/sitio\/wp-json\/wp\/v2\/pages\/37"}],"wp:attachment":[{"href":"https:\/\/afudel.cl\/sitio\/wp-json\/wp\/v2\/media?parent=189"}],"curies":[{"name":"wp","href":"https:\/\/api.w.org\/{rel}","templated":true}]}}

<h3 class="wp-block-heading"><strong>Consejo de Bienestar</strong></h3>



<p>La <strong>Asociación de Funcionarios de la Universidad de Los Lagos (AFUDEL)</strong> mantiene una participación activa en el <strong>Consejo de Bienestar</strong>, instancia encargada de promover políticas, programas y acciones orientadas al desarrollo integral y la calidad de vida de las y los funcionarios de la Universidad.</p>



<p>En representación de AFUDEL, <strong>Claudio Álvarez</strong> forma parte de este consejo, aportando una visión gremial comprometida con la <strong>equidad, la transparencia y el bienestar social</strong> del personal no académico. Su labor se centra en velar por una gestión justa y participativa de los recursos, asegurando que los beneficios lleguen efectivamente a quienes más lo necesitan.</p>



<p>A través de su presencia en el Consejo, AFUDEL impulsa iniciativas que promuevan la <strong>salud, la recreación, el apoyo social y la cohesión laboral</strong>, contribuyendo a fortalecer un entorno de trabajo más humano, colaborativo y solidario.</p>



<p>Esta representación refleja el compromiso permanente de la Asociación con el <strong>bienestar y desarrollo personal de las y los funcionarios</strong>, pilares esenciales para una universidad pública más inclusiva y con sentido de comunidad.</p>



<p></p>

<p>Consejo de Bienestar La Asociación de Funcionarios de la Universidad de Los Lagos (AFUDEL) mantiene una participación activa en el Consejo de Bienestar, instancia encargada de promover políticas, programas y acciones orientadas al desarrollo integral y la calidad de vida de las y los funcionarios de la Universidad. En representación de AFUDEL, Claudio Álvarez forma [&hellip;]</p>
